{"id":128,"date":"2021-06-15T07:45:49","date_gmt":"2021-06-15T07:45:49","guid":{"rendered":"https:\/\/dorfgemeinschaft-nagel.de\/?page_id=128"},"modified":"2023-01-31T21:58:10","modified_gmt":"2023-01-31T21:58:10","slug":"impressum","status":"publish","type":"page","link":"https:\/\/dorfgemeinschaft-nagel.de\/index.php\/impressum\/","title":{"rendered":"Impressum"},"content":{"rendered":"<p>[et_pb_section fb_built=&#8220;1&#8243; _builder_version=&#8220;4.16&#8243; _module_preset=&#8220;default&#8220; global_colors_info=&#8220;{}&#8220; theme_builder_area=&#8220;post_content&#8220;][et_pb_row _builder_version=&#8220;4.16&#8243; _module_preset=&#8220;default&#8220; global_colors_info=&#8220;{}&#8220; theme_builder_area=&#8220;post_content&#8220;][et_pb_column type=&#8220;4_4&#8243; _builder_version=&#8220;4.16&#8243; _module_preset=&#8220;default&#8220; global_colors_info=&#8220;{}&#8220; theme_builder_area=&#8220;post_content&#8220;][et_pb_text _builder_version=&#8220;4.16&#8243; _module_preset=&#8220;default&#8220; global_colors_info=&#8220;{}&#8220; theme_builder_area=&#8220;post_content&#8220;]<\/p>\n<p>N\u00e4gler Dorfgemeinschaft e.V.<br \/>Schrotstra\u00dfe 5a<br \/>Nagel<br \/>96328 K\u00fcps<br \/>Telefon: +49 9264\/1598<\/p>\n<p><span style=\"font-size: 14px;\">Vertretungsberechtigter Vorstand:<\/span><\/p>\n<ul>\n<li><span style=\"font-size: 14px;\">Michael Engel\u00a0 \u00a0(1.Vorsitzender)<\/span><\/li>\n<li>Michael Flieger (2.Vorsitzender)<\/li>\n<\/ul>\n<p>Registergericht: Amtsgericht Kronach<br \/>Registernummer: VR<br \/>Umsatzsteuer-Identifikationsnummer gem\u00e4\u00df \u00a727a Umsatzsteuergesetz: DE 212 110 90119<\/p>\n<p>Inhaltlich Verantwortlicher gem\u00e4\u00df \u00a710 Absatz 3 MDStV:<br \/>J\u00fcrgen R\u00fcger<br \/>K\u00fcmmelbergstr. 8<br \/>96328 K\u00fcps \/ Nagel<br \/>Email: <a href=\"mailto:juergen.rueger@jr-nagel.de\">juergen.rueger@jr-nagel.de<\/a><br \/>Telefon: 09264\/1628<\/p>\n<p>Haftungshinweis:<br \/>Trotz sorgf\u00e4ltiger inhaltlicher Kontrolle \u00fcbernehmen wir keine Haftung f\u00fcr die Inhalte externer Links.<br \/>F\u00fcr den Inhalt der verlinkten Seiten sind ausschlie\u00dflich deren Betreiber verantwortlich.<\/p>\n<p>[\/et_pb_text][\/et_pb_column][\/et_pb_row][\/et_pb_section]<\/p>\n","protected":false},"excerpt":{"rendered":"<p>N\u00e4gler Dorfgemeinschaft e.V.Schrotstra\u00dfe 5aNagel96328 K\u00fcpsTelefon: +49 9264\/1598 Vertretungsberechtigter Vorstand: Michael Engel\u00a0 \u00a0(1.Vorsitzender) Michael Flieger (2.Vorsitzender) Registergericht: Amtsgericht KronachRegisternummer: VRUmsatzsteuer-Identifikationsnummer gem\u00e4\u00df \u00a727a Umsatzsteuergesetz: DE 212 110 90119 Inhaltlich Verantwortlicher gem\u00e4\u00df \u00a710 Absatz 3 MDStV:J\u00fcrgen R\u00fcgerK\u00fcmmelbergstr. 896328 K\u00fcps \/ NagelEmail: juergen.rueger@jr-nagel.deTelefon: 09264\/1628 Haftungshinweis:Trotz sorgf\u00e4ltiger inhaltlicher Kontrolle \u00fcbernehmen wir keine Haftung f\u00fcr die Inhalte externer Links.F\u00fcr den Inhalt [&hellip;]<\/p>\n","protected":false},"author":1,"featured_media":0,"parent":0,"menu_order":0,"comment_status":"closed","ping_status":"closed","template":"","meta":{"_et_pb_use_builder":"on","_et_pb_old_content":"<!-- wp:divi\/placeholder \/-->","_et_gb_content_width":"","footnotes":""},"class_list":["post-128","page","type-page","status-publish","hentry"],"_links":{"self":[{"href":"https:\/\/dorfgemeinschaft-nagel.de\/index.php\/wp-json\/wp\/v2\/pages\/128","targetHints":{"allow":["GET"]}}],"collection":[{"href":"https:\/\/dorfgemeinschaft-nagel.de\/index.php\/wp-json\/wp\/v2\/pages"}],"about":[{"href":"https:\/\/dorfgemeinschaft-nagel.de\/index.php\/wp-json\/wp\/v2\/types\/page"}],"author":[{"embeddable":true,"href":"https:\/\/dorfgemeinschaft-nagel.de\/index.php\/wp-json\/wp\/v2\/users\/1"}],"replies":[{"embeddable":true,"href":"https:\/\/dorfgemeinschaft-nagel.de\/index.php\/wp-json\/wp\/v2\/comments?post=128"}],"version-history":[{"count":5,"href":"https:\/\/dorfgemeinschaft-nagel.de\/index.php\/wp-json\/wp\/v2\/pages\/128\/revisions"}],"predecessor-version":[{"id":787,"href":"https:\/\/dorfgemeinschaft-nagel.de\/index.php\/wp-json\/wp\/v2\/pages\/128\/revisions\/787"}],"wp:attachment":[{"href":"https:\/\/dorfgemeinschaft-nagel.de\/index.php\/wp-json\/wp\/v2\/media?parent=128"}],"curies":[{"name":"wp","href":"https:\/\/api.w.org\/{rel}","templated":true}]}}